n composite?
True
Suppose -5*m + 22 = -3. Let x = -9 + m. Is -6*(2 - (-34)/x) composite?
True
Suppose -5*x - 5 = 5*h, x + 2*x + 5 = -4*h. Is 25/5 - (h - 0) a composite number?
False
Suppose -4*j - 33 = -3901. Is j a prime number?
True
Let k(h) = 28*h - 29. Is k(10) a prime number?
True
Let t = -10 - -6. Let y(x) = 4*x**2 + 2*x - 3. Is y(t) composite?
False
Let s(r) = r**3 + 4*r**2 - r - 2. Let g be s(-4). Suppose -2*f + 0*m - 2 = -2*m, -2 = -g*f + m. Suppose b - 156 = -f*b. Is b a composite number?
True
Let z = 793 - 412. Is z composite?
True
Let u(h) = h**2 - 3*h + 1. Let c be u(1). Let j = -1 - c. Suppose j*s + 2*s - 50 = 0. Is s composite?
True
Let f(c) be the third derivative of c**5/30 + 163*c**3/6 + 10*c**2. Is f(0) a prime number?
True
Let v(j) = -9*j**2 + 3*j - 7. Let o(g) = -4*g**2 + g - 3. Let r(s) = 7*o(s) - 3*v(s). Let n be r(-2). Is ((1 - n) + 156)/1 composite?
False
Let n(u) = u**3 - 5*u**2 - 3*u + 5. Let m be n(4). Let k = m - -14. Is (-1)/((k/33)/3) prime?
True
Let u(y) be the third derivative of y**5/3 + 5*y**4/24 + y**3/6 - 3*y**2. Is u(-4) a composite number?
True
Suppose -7*r - 381 = -10*r. Is r a composite number?
False
Let g(w) = -w - 7. Let q be g(-5). Let r be -39*((-8)/q)/(-1). Let s = r - 107. Is s prime?
False
Let t(a) = -2*a**3 - 10*a**2 + 10*a - 10. Let r be t(-9). Suppose 2*f + 4*y = 271 + 91, 3*f + 5*y = r. Is f prime?
True
Suppose -81 = 3*i + 45. Let n = 9 - i. Is n a composite number?
True
Let w = -129 + 212. Is w a prime number?
True
Suppose 2133 = 4*g + t, -5*g + 3*t - 591 = -3270. Is (2/(-3))/((-4)/g) a prime number?
True
Let a(n) = -n**2 - 7*n + 1. Let y be a(-5). Suppose y - 3 = t - 4*j, -2*t - j = -7. Suppose 3*x + 2 = -2*m + 61, 89 = 3*m + t*x. Is m a composite number?
False
Let p = -3 - -3. Suppose p = 3*f - 4*f + 149. Is f a composite number?
False
Let r = -167 + 322. Is r prime?
False
Suppose 0 = -0*l - 2*l + 5*w + 12, 2*w + 3 = -l. Let z = 4 - l. Is z + -2 + (-128)/(-2) a composite number?
True
Let d = -335 + 642. Suppose 5*v + 3*h - 627 = 0, -3*v = -4*h - 46 - d. Is v prime?
False
Is 89/(0 + 1 - 0) prime?
True
Let d(x) = 61*x - 2. Let v be d(2). Let y = v + -25. Is y composite?
True
Let b be (15/(-4))/(3/120). Let k = -42 + b. Is k/(-5) - 2/5 prime?
False
Let c be -8*3/(-6)*1. Suppose 2*b - c*b = 2. Is 106/(-2)*(-2 - b) composite?
False
Let a be -1 + 0 + (-5)/1. Let s be (a/9 - -1)*177. Suppose 0 = 5*w - 51 - s. Is w a composite number?
True
Let y(w) = -1 + w**2 + 4*w**3 - w**3 + 3*w**3 - 2*w**3. Let j be y(1). Is 37/j + 1/(-4) prime?
False
Let d = -518 + 1071. Is d a composite number?
True
Suppose 6*f = 3*f + 4*x - 3, f + 12 = 5*x. Suppose 0 = -a - 2, -2*w + f*a = -a - 862. Is w composite?
True
Let w(u) = -351*u + 2. Is w(-3) prime?
False
Is ((-4)/(-6))/(26/11661) composite?
True
Suppose x - 4*f = -0*f + 44, 2*x = -f + 43. Suppose -5*a + a = -x. Is a a prime number?
False
Let t = 13 - -18. Is t composite?
False
Is 14278/77 + (-6)/14 composite?
True
Suppose -j = 2*j - 6. Suppose 2*i = -j*d - i + 346, 4*i + 692 = 4*d. Suppose -3*x - d = -5*v, 2*v = 2*x + 38 + 28. Is v composite?
False
Suppose 0*u - u + 121 = -2*j, 0 = -4*u + 5*j + 481. Suppose u = 2*o + 5*a, 3*a - 92 = -2*o + 33. Is o a composite number?
False
Suppose -5*s - 2*y = -y + 333, -2*s - 126 = 4*y. Let w = s + 98. Is w composite?
False
Let i(q) = -164*q**3 - 4*q**2 - 5*q - 1. Is i(-3) composite?
True
Is (-9684)/(-60) + (-2)/5 a composite number?
True
Let h(l) be the second derivative of -46*l**3/3 - l**2/2 - 3*l. Is h(-1) prime?
False
Suppose -12196 = 6*l - 42190. Is l a prime number?
True
Let f(l) = -770*l + 13. Is f(-2) composite?
False
Let b be 4/6 - (-14)/6. Suppose b*r - 179 - 196 = 3*z, 4*r + 2*z - 512 = 0. Is r prime?
True
Suppose -354 - 55 = -t. Is t a composite number?
False
Let d(i) = i**3. Suppose -7*p + 2*p = 0. Let z be d(p). Suppose -2*j + 42 + 56 = z. Is j prime?
False
Suppose -5*h = 5*w, -w + h = 3*h - 2. Is 30 + (-3)/(-1) - w a prime number?
False
Let x = 0 - 121. Let q be 0 + (0 - (199 + 1)). Let v = x - q. Is v composite?
False
Suppose -k = -5*j - 3 + 4, 2*k + 3*j = -2. Let v be ((-46)/(-3))/(k/3). Let r = -20 - v. Is r composite?
True
Let a(m) = -m**3 - 3*m**2 + 5*m - 1. Is a(-6) a composite number?
True
Suppose 6*v - 1157 - 889 = 0. Is v a prime number?
False
Suppose -5*t - 316 = 4*q, 5*q - 4*t = -0*t - 395. Let o = -56 - -168. Let d = q + o. Is d a prime number?
False
Suppose 2*y = 3*k - 0*y + 72, -y = 0. Let f = k - -57. Suppose 2*w = 3*w - f. Is w a composite number?
True
Let t(k) = k**2 + k - 1. Let z be t(0). Is z/2 - 78/(-12) composite?
True
Suppose -5*s + 530 = 5*p, -2*s + 216 = p - 3*p. Let f = -1 + s. Is f prime?
False
Let g(y) = y**3 + 7*y**2 - 11*y. Suppose 37 = -3*c - 4*f, c + 5*f + 55 = -4*c. Is g(c) a composite number?
True
Let a(c) = 5*c**2 - 3*c + 3. Suppose -4 = 2*n - 10. Is a(n) a composite number?
True
Let x be (-10)/25 - 66/10. Let j = x - -14. Is j composite?
False
Let i = 847 + -401. Is i a prime number?
False
Let y(t) = -2*t**3 - 9*t**2 - 2*t + 7. Let l(c) = -c**3 + 3*c**2 - 2*c. Let v be l(3). Is y(v) a prime number?
True
Suppose -5*a - 3 = -4*s - 0, -12 = -a + 5*s. Let n be (-5)/(-15) - 11/a. Suppose -2*m + h = -h - 46, 0 = n*m + 4*h - 76. Is m prime?
False
Let w = -11 - -15. Suppose 2*s - 446 = 3*k, 6*s - w*k = 2*s + 892. Is s a prime number?
True
Suppose -6*x = -x - 3*r - 92, -2*x + 3*r = -44. Let n = -41 + 76. Let a = n - x. Is a a composite number?
False
Let w(n) = 12*n**2 + 1. Suppose 4*v + 8 = 0, 7*k - 3*k - 5*v - 26 = 0. Let g = k + -2. Is w(g) a composite number?
True
Suppose s + s = -4*z - 4, -4*s - 2*z = -22. Let k = 41 + s. Is k a prime number?
False
Let i(l) be the third derivative of -13*l**4/24 + l**3/6 + 2*l**2. Let s be ((-1)/(-2))/((-2)/4). Is i(s) composite?
True
Let j(s) = 172*s + 2. Let o be j(3). Suppose -4*y = -62 - o. Is y a prime number?
False
Suppose -3*u = 4*b - 8389, 3311 = 3*b - 5*u - 3017. Is b prime?
False
Suppose 5*p + 2869 = 3*g, -g + 524 = 2*p - 425. Is g composite?
False
Let y(j) = 4*j**2 - 40*j - 23. Is y(-27) a prime number?
False
Let x(c) = 13*c**2 - c + 1. Let i(r) = -r**3 + 7*r**2 + 9*r - 6. Let u be i(8). Is x(u) a prime number?
False
Let f(g) = -g + 371. Is f(0) prime?
False
Let s(j) = -5*j + 19. Is s(-14) a composite number?
False
Is 5/(-40) + 18857/8 composite?
False
Let t(h) = -h**3 - 7*h**2 + 9. Is t(-10) prime?
False
Suppose -6068 = -5*y - s, 8*y - 3*y - 6053 = 4*s. Is y composite?
False
Let y be (5 + -4)*(2 + -5). Is (-4)/2 + (214 - y) a composite number?
True
Suppose w = -3*j + 196, 3*j = 3*w + 2*j - 578. Let x = -124 + w. Is x a composite number?
True
Suppose -2*b + 2018 = -u, 4*b - 3027 = b + 3*u. Is b prime?
True
Suppose -4*b = 4*m - 32, 5*b - 15 + 3 = 2*m. Suppose -155 = -m*x - 3. Suppose 60 + x = 2*c - 2*q, 3*q + 245 = 5*c. Is c prime?
False
Suppose -3 + 11 = 4*r. Suppose -4*k - r - 26 = 0. Let j = k + 10. Is j a composite number?
False
Let o(t) = -1. Let d(g) = 11*g - 17. Let l(x) = -d(x) + 6*o(x). Is l(-6) a composite number?
True
Suppose q = -4*m + 853, 2*q + 485 = -4*m + 2207. Is q a composite number?
True
Let u(m) = -m**3 + 4*m**2 + m - 4. Let w be u(4). Let q = 1 + w. Is q/((-2)/(-42)*3) a composite number?
False
Let f(t) = -t**3 + t**2 - t + 10. Is f(-7) composite?
False
Let l(b) = 53*b - 11. Suppose 4*i - 10 = 5*i + 4*w, 5*i - 4*w - 46 = 0. Is l(i) a prime number?
True
Let g(p) = -p**2 - 7*p + 2. Let f be g(-7). Suppose -3*c + 54 = -3*t, f*c + 22 - 63 = 3*t. Is c composite?
False
Suppose -3*q - 3*m = m - 609, -5*q = 4*m - 1007. Is q composite?
False
Suppose 0 = -4*f + 2*f, c + 2*f - 5 = 0. Suppose -2*d - 38 = 4*y, 0*d + 35 = -c*d + 2*y. Is d/6*76/(-6) prime?
True
Suppose -2*n - 3*p + 12 = 0, 2*p = 5*n - 2*p - 7. Suppose n*c = c + 4. Is (c - -33) + (-6)/3 a composite number?
True
Let r be 24 - (3 + -2)*-2. Let i be (r/2)/((-2)/4). Is (6/3)/((-4)/i) prime?
True
Let p = 3395 - 1614. Is p prime?
False
Let v(k) = -4*k**2 + 3*k**2 + 0*k**2 + 3*k**2 - k - 5. Is v(4) a composite number?
False
Suppose -2*r + 4*q - 18 = 0, -2*r + 4*q - 3*q - 21 = 0. Let k = -6 - r. Suppose -3*p + k*b + 27 = 0, -5*p = -0*b - b - 67. Is p a composite number?
True
Let s(q) = 12*q**2 - q. Suppose -6*o = -3*o - 2*z + 33, -5*o - 3*z = 36. Let l be (-6)/o*(-9)/(-6